067 prime?
False
Is 54204847 prime?
True
Is 1706073 a prime number?
False
Is 523739 prime?
False
Is 6544261 prime?
True
Is 95484079 a composite number?
True
Is 8310233 prime?
True
Is 36351701 composite?
False
Is 1312813 composite?
False
Is 398140123 composite?
False
Is 359207 composite?
False
Is 19527661 a prime number?
True
Is 413981 composite?
False
Is 16636337 a composite number?
True
Is 229187057 a composite number?
True
Is 108765581 prime?
True
Is 833757 composite?
True
Is 17555519 prime?
False
Is 41777005 a composite number?
True
Is 29709283 prime?
True
Is 1013399 a prime number?
True
Is 4322231 a composite number?
True
Is 18973 a prime number?
True
Is 6480107 a composite number?
False
Is 419699 a composite number?
True
Is 218625955 prime?
False
Is 6250019 a composite number?
True
Is 244535477 prime?
True
Is 9195371 a composite number?
False
Is 812939 composite?
False
Is 184971739 prime?
True
Is 39677773 prime?
True
Is 251474467 composite?
False
Is 6882599 a prime number?
False
Is 971041 composite?
True
Is 109599422 prime?
False
Is 147638741 prime?
False
Is 2141583 a prime number?
False
Is 154422803 a composite number?
False
Is 3267701 composite?
True
Is 1637239 composite?
False
Is 31150229 a prime number?
False
Is 2861713 prime?
False
Is 23569843 a prime number?
False
Is 1458817 a prime number?
True
Is 891173 a prime number?
True
Is 6939235 composite?
True
Is 1185879245 a composite number?
True
Is 117326731 composite?
False
Is 3073451 a composite number?
False
Is 5683922 a prime number?
False
Is 528469 a prime number?
True
Is 28924303 a prime number?
False
Is 31051411 a composite number?
False
Is 566512579 a composite number?
True
Is 626389931 a prime number?
True
Is 1595693 prime?
False
Is 14676091 a prime number?
True
Is 27499705 a composite number?
True
Is 671135165 a prime number?
False
Is 156602 composite?
True
Is 67776589 a prime number?
False
Is 10590721 composite?
True
Is 136941067 composite?
True
Is 6010547 a prime number?
True
Is 2257393 composite?
True
Is 3124763 composite?
True
Is 2836423 a composite number?
False
Is 12338647 a composite number?
True
Is 683437259 prime?
False
Is 51284839 a prime number?
True
Is 221925611 a prime number?
False
Is 11463773 a prime number?
True
Is 8280031 prime?
False
Is 23533343 a prime number?
False
Is 120502537 composite?
False
Is 500693 prime?
True
Is 403936061 a prime number?
True
Is 40631687 a composite number?
True
Is 270231821 prime?
True
Is 46101067 composite?
True
Is 693317 a composite number?
False
Is 2292119 prime?
True
Is 34245797 composite?
True
Is 150668681 prime?
True
Is 14423099 prime?
True
Is 75626741 composite?
False
Is 7864201 composite?
False
Is 52379 prime?
True
Is 2488295 prime?
False
Is 9514931 a composite number?
True
Is 889337 prime?
True
Is 210179 a composite number?
True
Is 4275251 a composite number?
False
Is 96224519 prime?
True
Is 4123319 prime?
True
Is 6570283 composite?
False
Is 331002829 composite?
True
Is 1966409 prime?
True
Is 10430395 prime?
False
Is 27847471 a composite number?
False
Is 1588423 composite?
False
Is 1038563 composite?
False
Is 1740421 composite?
False
Is 130538213 a prime number?
False
Is 18998611 a composite number?
False
Is 1781629 composite?
True
Is 14655119 a prime number?
False
Is 760867 composite?
True
Is 11694983 prime?
True
Is 2162885 prime?
False
Is 50986489 a prime number?
False
Is 2282141 a composite number?
False
Is 387514858 composite?
True
Is 62189321 prime?
True
Is 46778707 composite?
False
Is 234175223 prime?
True
Is 19702499 prime?
True
Is 14869789 composite?
True
Is 3459187 a prime number?
True
Is 56799841 a prime number?
False
Is 3773707 composite?
True
Is 3013867 a composite number?
True
Is 31002589 a composite number?
True
Is 3491831 a composite number?
True
Is 2592638 prime?
False
Is 14748551 prime?
False
Is 25925239 a prime number?
True
Is 34047289 prime?
False
Is 12175517 a composite number?
False
Is 2479319 prime?
True
Is 7531991 composite?
False
Is 3379249 a prime number?
True
Is 69530309 composite?
False
Is 59260939 a composite number?
True
Is 66773143 prime?
False
Is 3057277 a prime number?
False
Is 8758797 composite?
True
Is 9894953 a composite number?
True
Is 188141815 a composite number?
True
Is 14521931 prime?
True
Is 2210617 prime?
True
Is 884717 a prime number?
True
Is 3776507 a composite number?
True
Is 26276647 a composite number?
False
Is 7545593 composite?
True
Is 4185277 a prime number?
True
Is 2624227 prime?
False
Is 128160173 prime?
True
Is 4752899 a composite number?
False
Is 10578251 composite?
False
Is 86829011 a prime number?
False
Is 21933123 prime?
False
Is 17666069 a prime number?
True
Is 7557974 a composite number?
True
Is 454464767 composite?
False
Is 1646587 prime?
False
Is 555011 a composite number?
True
Is 14908331 a prime number?
False
Is 4530782 a prime number?
False
Is 66919933 a composite number?
False
Is 101856947 a prime number?
False
Is 4705291 a composite number?
False
Is 3335183 prime?
False
Is 5838587 composite?
False
Is 49505713 a composite number?
True
Is 15660969 prime?
False
Is 68398283 a prime number?
False
Is 276919573 composite?
True
Is 2845259 a composite number?
True
Is 15103511 a composite number?
True
Is 42828827 composite?
True
Is 67258609 a prime number?
False
Is 12570214 prime?
False
Is 11354327 a prime number?
True
Is 664342007 a prime number?
False
Is 289063 prime?
True
Is 2840161 a composite number?
False
Is 1308646 a composite number?
True
Is 372430027 composite?
False
Is 65207783 a composite number?
True
Is 28454707 a prime number?
True
Is 1993591 a prime number?
True
Is 30190379 a prime number?
True
Is 1009203089 a composite number?
False
Is 207227 composite?
False
Is 90035419 composite?
False
Is 122881001 a composite number?
False
Is 12602935 composite?
True
Is 96666887 a composite number?
False
Is 25630927 composite?
True
Is 50620697 a prime number?
True
Is 517813 a composite number?
True
Is 36584399 a prime number?
False
Is 10128997 prime?
True
Is 2261129 a composite number?
True
Is 614609 a prime number?
True
Is 25665659 prime?
True
Is 11865527 a prime number?
False
Is 206473291 a prime number?
False
Is 15517897 prime?
True
Is 139381 composite?
True
Is 337579 prime?
False
Is 22883593 composite?
True
Is 3755777 prime?
False
Is 19716551 a prime number?
False
Is 5464531 a composite number?
True
Is 4258967 a prime number?
True
Is 979306943 prime?
True
Is 580603 prime?
False
Is 173787919 a composite number?
False
Is 120490931 composite?
True
Is 2201839 composite?
False
Is 59039101 a composite number?
True
Is 2148709 composite?
False
Is 8093947 prime?
True
Is 381791 a prime number?
True
Is 956737 a prime number?
False
Is 11022087 a prime number?
False
Is 855059 prime?
True
Is 3377983 a composite number?
True
Is 193574635 a prime number?
False
Is 33230731 a prime number?
False
Is 3459677 composite?
True
Is 45050059 a composite number?
True
Is 12374693 composite?
False
Is 58886953 a composite number?
False
Is 96171413 a composite number?
True
Is 7949411 a composite number?
False
Is 30483107 composite?
False
Is 50100151 prime?
True
Is 3614669 composite?
False
Is 7327093 a composite number?
False
Is 4475281 composite?
True
Is 40558731 composite?
True
Is 225485277 prime?
False
Is 3529685 composite?
True
Is 66627283 prime?
False
Is 65500441 composite?
False
Is 992981 prime?
False
Is 143064458 composite?
True
Is 1007933 composite?
False
Is 849347 a prime number?
True
Is 25712749 composite?
False
Is 4817643 prime?
False
Is 130085957 a prime number?
True
Is 168326309 a prime number?
True
Is 310771 composite?
False
Is 1215547 a composite number?
True
Is 485449 prime?
False
Is 40083401 a prime number?
False
Is 62474631 a composite number?
True
Is 691256791 composite?
False
Is 63657463 a prime number?
True
Is 200477299 a prime number?
False
Is 7676021 a prime number?
True
Is 22254623 composite?
True
Is 508513 a prime number?
True
Is 11233493 composite?
True
Is 18035009 a prime number?
False
Is 19385801 composite?
True
Is 259759 prime?
False
Is 3589 a composite number?
True
Is 20513177 a composite number?
False
Is 113440037 prime?
False
Is 244490401 a composite number?
False
Is 10773467 prime?
False
Is 3967361 prime?
False
Is 3885619 composite?
False
Is 468134 a prime nu